16*m - 24 = 0. Calculate the remainder when c is divided by m.
9
Let y = 2015 - 1407. Suppose 26*t - 9454 - y = 0. Calculate the remainder when t is divided by 17.
13
Let u(c) be the third derivative of -c**4/24 + 23*c**3/3 - 44*c**2 + c. Calculate the remainder when 112 is divided by u(8).
36
Let r be ((-25)/(-4))/(6/8)*3. Let h be r/2*272/85. Suppose 0 = -4*j - 6*j + h. What is the remainder when 6 is divided by j?
2
Suppose -2*p + 50 = 3*a, -22 = -2*p + 9*a - 5*a. Suppose -2*g - 31 = -4*c + 1, -g - 2 = 0. Let b = p - c. Calculate the remainder when 35 is divided by b.
11
Let z(r) = -r + 27. Let n be z(9). Suppose -4*f + c + 38 = -f, -5*c + n = f. What is the remainder when 114 is divided by f?
10
What is the remainder when 2/4 - (-322)/(-138)*117/(-6) is divided by 2?
0
Suppose -2*u + 7*l = 5*l + 2, -3*u - 10 = 4*l. What is the remainder when 25 - (u/(-14) - (-54)/63) is divided by 3?
0
Let u(m) = 3*m - 7. Let x be u(13). Suppose -22 = -2*g + t, 3*g + 0*t = 2*t + x. Let w = -1664 - -1734. Calculate the remainder when w is divided by g.
10
Suppose 0*j = -6*j + 54. Suppose 1 = f - j. Calculate the remainder when -2*2/(-2) - 12/(-1) is divided by f.
4
Let w = -24827 + 26760. What is the remainder when w is divided by 120?
13
Let t = 595 - 449. Let s = t + -69. Calculate the remainder when s is divided by 23.
8
Let z(r) = r**2 - 22*r + 81. Calculate the remainder when z(0) is divided by 1/(3/54*1).
9
Let w = -17 - -44. Let y be ((-45)/60)/((-9)/60) + 87. Suppose 3*m - m - 44 = -b, -2*b - 3*m + y = 0. What is the remainder when b is divided by w?
25
Calculate the remainder when (65/(-5))/(0 + (-3)/915) is divided by 124.
121
Let k = -15848 + 15875. Let c = -4 + -1. Let u(t) = -t**2 - 9*t - 6. Calculate the remainder when k is divided by u(c).
13
Suppose 29*q - 36580 = 40850. What is the remainder when q is divided by 2658?
12
Suppose 3*t - 146 = -4*i + 947, i + 1088 = 3*t. What is the remainder when t is divided by 35?
13
Let v = -233 - -250. Suppose -3*c - 6 = 0, 5*c = -5*t + 4*t + 2. Calculate the remainder when v is divided by t.
5
Let a(o) = 272*o - 78. What is the remainder when a(2) is divided by 26?
24
Let d(s) = 52*s + 55. Let l be d(-5). Calculate the remainder when (l/10 - -2)/((-3)/6) is divided by 19.
18
Suppose -4*d - f = -3536, 0 = 10*d + 4*d + 4*f - 12378. What is the remainder when d is divided by 89?
82
Let d = -23 - -49. Let o = 91 + -103. Let f = d - o. Calculate the remainder when 111 is divided by f.
35
Let y(b) = 46*b - 2392. Calculate the remainder when 507 is divided by y(56).
139
Let c be (1/(-2))/((-1)/6). Suppose -2*r = -d + 2*d - 12, -c*d + 3*r = 0. Let z = -22 - -46. What is the remainder when z is divided by d?
0
Suppose 0*v = -3*f + 4*v + 34, 5*f = 4*v + 46. Suppose 0 = 2*l + l - 3*p - 363, 0 = l + 3*p - 129. Calculate the remainder when l is divided by f.
3
Let t = -364 + 369. Suppose -t*l + 78 = j, 0*l + 2*l - 5*j - 15 = 0. What is the remainder when 55 is divided by l?
10
Let f = 906 + -422. Suppose -5*j = 3*u - f + 5, 4*j + 5*u - 391 = 0. What is the remainder when j is divided by 43?
8
Let c(q) = 2*q + 3. Let h = -49 - -51. Let a be c(h). Let t(x) = 2*x**2 - 14*x + 7. Calculate the remainder when 12 is divided by t(a).
5
What is the remainder when (-2*(-597)/8)/((-17)/(-32912)*33) is divided by 337?
331
Suppose 59*c - 62*c - 51 = 0. Let g = c + 103. What is the remainder when g is divided by 45?
41
Let n be ((-12)/(-20))/(-1 - (-18)/15). Suppose 3*f + 9 = -3*h + 3, 2*f = -n*h. Let o(x) = -x**2 - 10*x + 10. What is the remainder when o(f) is divided by 7?
6
Suppose 112*z + 114*z = 215*z + 6831. Calculate the remainder when z is divided by 17.
9
Let p(m) = m + 16. Let j = 193 - 105. Suppose 8*x + j = 16*x. What is the remainder when x is divided by p(-12)?
3
Let h = 163 - 370. Let s = h + 251. Calculate the remainder when s is divided by 8.
4
Suppose 38*p - 43*p + 4*z + 105 = 0, -5*z - 50 = -3*p. Let k(s) = 36*s**2 - 3*s + 7. Calculate the remainder when k(3) is divided by p.
22
Suppose 0 = -7*f + 2454 + 584. Suppose 4*k - 2*k = -2*h + f, 4*k - 4*h = 908. What is the remainder when k is divided by 57?
51
Let k = 3174 + -3167. Suppose 2*n + 6 = 36. What is the remainder when 94 is divided by (-14 + n)*2*k?
10
Let o = -4362 - -4392. What is the remainder when 309 is divided by o?
9
Let w = 138 - 78. Suppose 0 = -7*b + 9*b - 10. What is the remainder when (24/(-10))/((-369)/w + 6) is divided by b?
1
Let d = -22280 + 22348. Suppose 0 = 4*v + 5*r - 22 + 2, 3*r = v - 22. Calculate the remainder when d is divided by v.
8
Suppose 4*v = 5*u - 895, 786 = 4*v + 806. What is the remainder when u is divided by 95?
80
Suppose 0 = -3*n + 3*f + 150, 0 = 2*n - 0*f - f - 95. Calculate the remainder when n is divided by -7 + (53/((-4081)/(-2268)) - (-6)/11).
22
Let n(p) = -p**2 + 10*p. Let o be n(10). Suppose -d + 5 = -o. Suppose -z + d*y = 3 + 3, 2*z = -5*y + 48. What is the remainder when 40 is divided by z?
12
Let s = -733 - -738. Suppose -s*m - 2*n = -72, 0*m - 5*n = m - 19. Calculate the remainder when 53 is divided by m.
11
Suppose 696 = 2*z + 4*i, 3*i - 1806 = -5*z + 4*i. Calculate the remainder when z is divided by 103.
51
Let v(k) = -2*k**2 + 35*k + 16. Let u be v(18). Suppose 5*w - w + 2*h - 22 = 0, h = -3. Calculate the remainder when w is divided by (-4 - (-3 - -2))/(-3 - u).
1
What is the remainder when ((-6)/5)/(696/(-296960)) is divided by 59?
40
What is the remainder when 6 + 200 - (-7 + 11) is divided by 193?
9
Let f = 18251 + -16864. What is the remainder when f is divided by 14?
1
Suppose -16*l = -22*l - 21*l + 1890. What is the remainder when l is divided by 45/(((-6)/10)/((-8)/20))?
10
Let l(y) = -9*y - 2*y + 6 + 3*y**2 + 3*y. Let q(z) = -12609*z - 289994. What is the remainder when l(5) is divided by q(-23)?
2
Suppose -878*v + 880*v = 24. What is the remainder when ((-40)/v)/(14/(-315)) is divided by 16?
11
What is the remainder when (-2702)/(-1 + -1) - (37 - 374/11) is divided by 191?
11
Let v be 1/(-2) + 0 - 66/44. Calculate the remainder when 10/(-5)*(-63)/2 is divided by 24 - ((-22)/11)/(v*1).
17
Suppose 2*p + 26 - 72 = 0. Let a(j) = -23*j - 2. Suppose 0*r + 3*m = 5*r + 34, -3*r - m - 12 = 0. What is the remainder when a(r) is divided by p?
21
Let y(b) = 51*b**2 + 78*b + 257. Let m(s) = 19*s**2 + 26*s + 86. Let l(n) = 8*m(n) - 3*y(n). Calculate the remainder when l(-16) is divided by 6.
5
Calculate the remainder when 554 is divided by 11/((-264)/324)*((-16)/6)/4.
5
Suppose 22 = 3*k + 4. Suppose -3*q - o = -107, 0 = 3*q + k*o - o - 103. Let a = 20153 - 20140. What is the remainder when q is divided by a?
10
Suppose 29*f = 33*f + 148. Let g = f + 155. Calculate the remainder when 71 is divided by g/14 - (-16)/28.
8
Let k(o) = -o**2 + 3*o + 4. Let x be k(4). Suppose 15*j + 4*j - 380 = x. What is the remainder when 198 is divided by j?
18
Let q(m) = -85*m**3 - 17*m**2 + 6*m + 5. Calculate the remainder when 17350 is divided by q(-1).
64
Let f(k) = -122*k - 364. Calculate the remainder when f(-49) is divided by 4.
2
Let n(z) = -z**3 - z**2 - 31*z + 43. What is the remainder when 381 is divided by n(0)?
37
Let o(v) be the first derivative of 35*v**2/2 - 3*v - 2. Let q be 3 + ((-14)/2 - -5). What is the remainder when o(q) is divided by 12?
8
Let l(k) = k**3 - 9*k**2 + 19*k - 11. Let z be l(13). Let m be (-1)/3 + z/36. Let o = m - 15. What is the remainder when 29 is divided by o?
9
Let u(m) = 1006*m**2 + 59*m - 114. What is the remainder when u(2) is divided by 14?
10
Suppose -6666 = -8*v - 6514. Calculate the remainder when (-3)/7 + (-12696)/(-28) is divided by v.
16
Let v(r) = 38*r**3 + r**2. Let b be v(1). Suppose -b*t = -97 - 98. What is the remainder when 34 is divided by t?
4
Suppose 4*r - 411 = -4*y + 221, -5*r - 474 = -3*y. Suppose 11*d - y = 964. Calculate the remainder when d is divided by 39.
24
What is the remainder when (106 + 494)*((-26)/(-6) + -1) is divided by 29?
28
Suppose 60 = -14*c + 17*c. Suppose 5*m - 3*d = 76, 4*d = m + d - c. What is the remainder when 2/(-3)*138/(-4) is divided by m?
9
Let f(u) = u**3 + 11*u**2 + 12*u + 24. Let v be f(-10). What is the remainder when 9 is divided by 8 - (6 - v - 0)?
3
Let u(h) = 247*h + 3. Let z be u(-2). Let m = 549 + z. What is the remainder when